n = t. What is the units digit of z?
8
Suppose 5*y = -5*i + 20, 4*y + 2 = 2*i - 18. Suppose f + 15 = i*f. What is the units digit of f?
3
Let s = -10 + 12. What is the units digit of s?
2
Suppose 3*k - 3*c - 63 = 0, -2*k - 25 = c - 64. What is the units digit of k?
0
Suppose -2 = -3*c + 7. Let h(o) = o**c + 0*o**2 + 0*o**2 + o. What is the tens digit of h(2)?
1
Let z = 69 - 38. What is the units digit of z?
1
Let u be (-6)/(-9)*3/(-2). Let x(a) = -6*a**3 + a**2 + a + 1. Let f be x(u). Suppose 3*i = -6, -3*b - i - 3*i = -f. What is the units digit of b?
5
What is the hundreds digit of ((-333)/(-6))/((-2)/(-4))?
1
Let w = 12 + 6. Suppose 0 = -3*y + w + 21. What is the units digit of y?
3
Let t(h) = h**3 - 3*h**2 - h - 4. Let o(i) = i**3 - 2*i**2 - 2*i + 1. Let u be o(3). What is the units digit of t(u)?
8
Suppose 2*h - 3 = p + 21, -5*h + 15 = 0. Let z(i) = -11*i + 5. Let j(r) = 39*r - 18. Let f(c) = p*z(c) - 5*j(c). What is the units digit of f(3)?
9
Let h(p) = p - 9. Let u be h(8). Let y = u - -14. What is the units digit of y?
3
Suppose -2*u = -1 + 9. What is the units digit of (1/2)/(u/(-8))?
1
What is the tens digit of -6 + 123 + (-2 - -1)?
1
Suppose -87 = -2*i + 5*x, 4*i - 2*x = -0*i + 182. What is the tens digit of i?
4
What is the hundreds digit of (-51)/((-2)/(-6)*-1)?
1
Suppose 4*h = 137 + 367. Suppose -3*y = -5*c + h, 2*y = -2*y + 12. What is the units digit of c?
7
Let q(i) be the third derivative of i**4/24 + i**3/3 - i**2. What is the units digit of q(7)?
9
What is the units digit of 2*24 + (-2 - -5)?
1
Let u(x) = -x**2 - 10*x + 2. Let l be u(-7). Let s = 63 - l. What is the units digit of s?
0
Suppose -4*c = -k + 275, 2*k + 2*c = -0*k + 520. What is the hundreds digit of k?
2
What is the units digit of -1*9*8/(-3)?
4
What is the tens digit of 1/(-2) + (-275)/(-22)?
1
Let n(g) = 124*g**2 - 2*g + 3. What is the units digit of n(1)?
5
Let l be 1 - (-4)/(12/9). Suppose -l = -a, 3*a + 36 = 4*r - 8. What is the units digit of r?
4
Let q be (-27)/5 + (-2)/(-5). What is the units digit of (12/q)/((-9)/30)?
8
What is the units digit of -3 + (51 - -3) + -2?
9
Let r(h) = -h**3 + 10*h**2 + 11*h + 4. Suppose -2*l + 3*k + 22 = 0, 2*l - 3*l = k - 11. What is the units digit of r(l)?
4
Let b(d) = -9*d**3 + 2*d**2 + d. Let x be b(-1). Let i(j) be the first derivative of j**3/3 - 4*j**2 - 7*j + 1. What is the tens digit of i(x)?
1
Let g be (-1 - 0)/((-1)/(-3)). Let t = -2 - g. What is the units digit of t?
1
What is the tens digit of ((-221)/(-39))/(2*1/6)?
1
Let f(k) = 6*k**2 + 2*k. Let q(d) = 7*d**2 + 3*d. Let o(h) = 5*f(h) - 4*q(h). Let p be o(2). What is the units digit of (-6)/(-9)*42/p?
7
Let x(k) = -k - 3. Let w(c) = -c - 9. Let a be w(-4). What is the units digit of x(a)?
2
What is the tens digit of (-42)/((3/(-2))/1)?
2
Let w(p) be the third derivative of p**5/12 + p**4/8 - p**3 + p**2. Let c(m) = -3*m**2 - 2*m + 4. Let y(q) = 8*c(q) + 5*w(q). What is the units digit of y(2)?
4
Let a = 219 + -129. Suppose -6*f + a = -126. What is the units digit of f?
6
Suppose 3*p - 5*z = 5*p + 23, -2*z - 13 = -3*p. Let q be (0 + (-1 - 1))/p. Let k(n) = -3*n + 1. What is the units digit of k(q)?
7
Let h be -2 + (-5 + 3 - -3). Let b = h - -5. What is the units digit of b?
4
Suppose -3 = -2*n - n. Suppose 49 = 4*f - 5*s - n, -3*f + 43 = -s. What is the units digit of f?
5
Suppose -i = 3*k + 3, -6 = 2*k - k + 2*i. Let s = 6 - k. Suppose -g + 55 = 3*b, -4*b = s*g - g - 55. What is the units digit of b?
0
What is the units digit of 3*(21/9 + 0)?
7
What is the units digit of 4/(-18) - 99/(-81)?
1
What is the tens digit of ((-138)/(-8))/((-11)/(-44))?
6
Let p = 12 - 7. Suppose -t = t, p*f = 5*t + 90. What is the units digit of f?
8
Suppose 2*o + 3 - 7 = 0. Suppose 3*t - 22 = o*g, 36 = 4*t - 3*g - g. Suppose 0 = -2*f - t + 18. What is the units digit of f?
7
Let b be (-1)/5 - 3/(-15). Suppose b - 4 = -2*c. Suppose 4*v = -5*d + 59, 3*d - v - 34 = -c*v. What is the tens digit of d?
1
Suppose w + 113 = 2*a - 0*w, -3*a + 5*w = -166. Suppose a = 3*d - 9. What is the units digit of d?
2
Let c = 27 - 4. Let j = c + -17. What is the units digit of j?
6
Let n = 116 + -75. Let u = n + 3. What is the tens digit of u?
4
Let y be (-10)/15 + 7/(-3). What is the tens digit of -1 + (-123)/y + 2?
4
Suppose -4*t - 3*j - 6 = 0, 2*t + j + j + 4 = 0. Suppose t = -f + 8 + 12. What is the units digit of f?
0
Let f(q) = -3*q**2 + 8*q + 6. Let l(t) = t**2 - t - 1. Let p(v) = -f(v) - 2*l(v). What is the units digit of p(8)?
2
Let r = -1 - -1. Suppose -55 = -l - r. What is the tens digit of l?
5
Let n = 92 + -62. What is the units digit of n?
0
Suppose 5*t - 230 = 5*o, -18 + 244 = 5*t - 4*o. What is the units digit of t?
2
Let v be (-1)/(1*(-1)/(-20)). What is the tens digit of 2 - v - 0/(-1)?
2
Suppose 3*a = 4*a. Let o = 9 + a. What is the units digit of o?
9
Suppose 215 = 5*o - 10. Suppose -3*f + 3*z - 18 = -5*f, 5*f - 5*z = o. What is the units digit of f?
9
Suppose -4*o = -0 + 12. Let f(t) = -4*t + 2. What is the tens digit of f(o)?
1
Let o be ((-32)/(-6))/(1/3). Suppose q + 2*q = -4*x + o, 0 = -2*x + 4*q + 8. What is the units digit of 13/4 - 1/x?
3
Let a(c) = 3*c**2 + 2*c + 5. What is the units digit of a(5)?
0
Let y(g) = g - 5. Let a(p) = 3*p - 11. Let c(l) = -2*a(l) + 5*y(l). Let f be c(5). Let u(k) = -k**3 - 8*k**2 + k + 9. What is the units digit of u(f)?
1
Suppose -2*w + 10 = -0*w. Suppose -4*s + w*d = -209 + 49, 4*d - 19 = -s. What is the tens digit of s?
3
What is the units digit of 18/(-15)*5*-2?
2
Let j = 0 + -9. Let t = j + 7. What is the units digit of ((-1)/t)/(1/22)?
1
Let g(v) = v**3 + 2*v**2 - 5*v - 10. Let d be g(-4). Let u = d + 25. What is the units digit of u?
3
Suppose -5*l + 27 = 2. Let k(v) = 11 + 7 + 4*v - l*v. What is the tens digit of k(0)?
1
What is the units digit of (-10)/(-95) - 36/(-19)?
2
Let t(j) = 8*j - 10. What is the tens digit of t(11)?
7
Suppose 0 = -7*k + 2*k + 200. Suppose q = -15 - 6. Let h = k + q. What is the units digit of h?
9
Let q = 55 - 3. Suppose 0 = -3*d + 7*d - q. What is the units digit of d?
3
Suppose -k = -70 + 3. What is the tens digit of k?
6
Suppose 4*n - 12 = 0, 3*n + 29 = 3*a - 40. Suppose -3*q + a = 5*l, 4*l - 2*l - 18 = -5*q. What is the units digit of q?
2
Suppose -61 = -4*s - 1. Let z = s - 11. Suppose 2*u + 8 = z*u. What is the units digit of u?
4
Let z(p) = 4*p**2 + 7*p - 2. What is the units digit of z(-7)?
5
Suppose -3*a - 12 = -0*a, 4*a + 68 = 4*z. What is the tens digit of z?
1
What is the units digit of (36 + -8)/((-1)/(-6))?
8
Suppose 0 = 3*s - 3*h - 51 - 6, s - 35 = 5*h. Suppose 3*k + 2*k = -s, -5*g + 180 = 5*k. What is the units digit of g?
9
Let w = -17 - 3. What is the units digit of 24/w*15/(-2)?
9
Let f(u) = 74*u**2 + 2*u - 1. Let b be f(1). Suppose s = -v + b, 5*s = 2*s - v + 221. Suppose -5*o = 2*q - 8 - 5, -5*q + o + s = 0. What is the tens digit of q?
1
Suppose -2*w = -4*z - 26, 0 = w - 2*w + 5*z + 25. Suppose -2*x + 3 = 2*v - 29, -x + w*v - 2 = 0. What is the tens digit of x?
1
Let m = 23 - 11. What is the units digit of m/(-16) - 55/(-4)?
3
Let t = 9 - 5. Suppose 0*w - w = -t. What is the units digit of ((-8)/(-2))/(w/6)?
6
Suppose -4*x + 10 = -2*x. Suppose -x*a = -1 - 24. Suppose 4*r - 3*i = -i + 12, -10 = -a*i. What is the units digit of r?
4
Suppose -w - 35 = 4*w. Let b be (-350)/w + (-1)/(-1). Suppose 2*z - 3*q = b, 27 + 14 = 2*z - q. What is the units digit of z?
8
Suppose 5*p = 6*p - 4. Suppose 132 = p*m - 4*h - h, 4*m - 4*h - 128 = 0. What is the units digit of m?
8
Let x be -3*(1 - (-1)/(-3)). Let v(p) = p**3 + 6*p**2 + 3*p. What is the tens digit of v(x)?
1
Let j = 18 - -10. Suppose 5*v + 10 = 7*o - 2*o, 4*v - j = -2*o. What is the units digit of o?
6
Suppose -20 = -3*x - 5. Suppose x*d = d + 28. What is the units digit of d?
7
Suppose -6*i = -10*i + 1068. What is the tens digit of i?
6
Let b = 3 + -3. Suppose -r + 0*r + 12 = b. What is the units digit of (4/(-2))/((-6)/r)?
4
Let l(n) = -n**3 - 6*n**2 + 7*n - 2. Let y be l(-7). Let q = -3 - y. What is the units digit of 1 - (0 - q) - -1?
1
Let l be (-28 + (3 - 3))*-2. Let d = -20 + l. What is the tens digit of d?
3
Let v(s) be the first derivative of s**4/2 + s**3/3 - s**2 + 2*s + 2. What is the tens digit of v(2)?
1
Suppose 2*c + 6*w = w +